 - 148*q - 213. Calculate z(-72).
75
Let h(v) = -v**3 + 15*v**2 - 5*v - 94. Calculate h(14).
32
Let i(o) = -o**2 - 717*o + 10240. Determine i(14).
6
Let r(m) = -7*m**2 - 731*m + 732. What is r(1)?
-6
Let o(n) = 8*n**2 + 169*n + 833. Calculate o(-13).
-12
Let c(r) = 288*r + 6045. Determine c(-21).
-3
Let r(f) = 59*f - 325. Determine r(5).
-30
Let k(h) = 822*h - 2462. Give k(3).
4
Let l(q) = 3*q**3 + 3*q**2 - 31*q - 55. What is l(-2)?
-5
Let u(c) = 2*c**3 + 60*c**2 - 8*c - 40. Determine u(-30).
200
Let i(m) = -m**2 + 20*m + 50. Calculate i(23).
-19
Let z(k) = 16*k + 128. Give z(-8).
0
Let o(g) = -g**2 - 46*g + 4378. Give o(-93).
7
Let b(z) = 3933*z - 1. What is b(0)?
-1
Let l(g) = 1946*g + 66162. Calculate l(-34).
-2
Let o(p) = -129*p - 3768. Calculate o(-29).
-27
Let b(r) = r**3 + 11*r**2 + 7*r + 5. Give b(-1).
8
Let p(o) = -o**3 - 185*o**2 - 161*o + 4238. Determine p(-184).
6
Let p(d) = -148*d + 1327. Give p(9).
-5
Let f(i) = -3*i**2 - 119*i - 1179. What is f(-22)?
-13
Let l(z) = 13*z**2 + 54*z + 8. Determine l(-4).
0
Let v(f) = f**3 - 17*f - 14. What is v(-3)?
10
Let w(r) = -r**2 + 34*r + 1651. What is w(-27)?
4
Let c(n) = 2*n + 120. Determine c(-51).
18
Let l(x) = -x**3 + 10*x**2 + 70*x + 68. Give l(15).
-7
Let k(a) = -6*a**3 - 3*a**2 + 28*a + 104. Determine k(-5).
639
Let r(j) = -48*j + 637. Determine r(15).
-83
Let u(b) = b**3 + 9*b**2 - 10*b + 6. Give u(-9).
96
Let y(t) = 26*t - 298. Determine y(6).
-142
Let a(g) = 413*g + 384. What is a(-1)?
-29
Let z(c) = -c**3 + 33*c**2 - 111*c - 215. What is z(29)?
-70
Let s(b) = 123*b**3 + 2*b**2 - 5*b + 4. Determine s(1).
124
Let c(v) = v**3 - 37*v**2 - 52*v - 14. Calculate c(38).
-546
Let g(i) = 107*i + 16051. Determine g(-150).
1
Let x(u) = -u**3 + 13*u**2 + 12*u + 114. Calculate x(14).
86
Let k(h) = -h**3 + 53*h**2 - 79*h - 1134. Give k(51).
39
Let t(j) = j**2 + 34*j - 55. Give t(2).
17
Let d(s) = -s**3 - 46*s**2 - 8*s - 363. Determine d(-46).
5
Let v(t) = 2*t**3 - 98*t**2 + 8*t - 315. Calculate v(49).
77
Let b(j) = -j**2 - 132*j - 2981. Calculate b(-29).
6
Let k(q) = -19*q + 205. Determine k(22).
-213
Let m(p) = -40*p**2 - 17*p + 15. Determine m(1).
-42
Let r(w) = w**3 - 29*w**2 + 145*w - 160. Give r(23).
1
Let g(x) = -2*x**3 - 44*x**2 + 33*x + 9. Determine g(-23).
308
Let c(r) = 3*r**2 + 11*r - 20. Determine c(6).
154
Let g(j) = 4*j**3 + 44*j**2 + 43*j + 46. What is g(-10)?
16
Let x(k) = -49*k + 15483. Calculate x(316).
-1
Let v(t) = -6*t**2 + 14*t + 796. Give v(13).
-36
Let k(y) = -y**2 + 79*y - 99. Calculate k(0).
-99
Let l(r) = r**3 - 7*r**2 + 37*r - 119. Determine l(9).
376
Let n(h) = -h**2 + 71*h + 679. Give n(79).
47
Let c(f) = -146*f - 154. Give c(-1).
-8
Let z(r) = -2*r**3 + 6*r**2 + 69*r - 282. Give z(4).
-38
Let u(o) = 2*o**2 + 167*o + 589. Give u(-80).
29
Let n(i) = -i**2 + 17*i - 8. Give n(12).
52
Let w(g) = -g**3 - 7*g**2 - 11*g - 29. Give w(-10).
381
Let a(v) = -2367*v + 14192. What is a(6)?
-10
Let n(z) = z**3 - 25*z**2 + 39*z - 24. What is n(23)?
-185
Let n(w) = -2062*w - 37128. What is n(-18)?
-12
Let m(r) = r**3 + 2*r**2 + 14*r + 2. Give m(6).
374
Let o(r) = -4*r**2 + 23*r + 50. Give o(7).
15
Let s(p) = -17*p - 208. Give s(-13).
13
Let g(m) = -2*m**3 + 46*m**2 + 51*m + 2. Calculate g(24).
74
Let r(t) = 779*t + 26. Give r(0).
26
Let g(i) = 866*i + 8676. What is g(-10)?
16
Let k(c) = -2*c**2 + 26*c - 86. What is k(5)?
-6
Let b(l) = 2*l**3 - 9*l**2 - 28*l - 9. Calculate b(7).
40
Let s(n) = -2*n**3 + 28*n**2 + 43*n - 179. Determine s(15).
16
Let z(v) = -v**2 + 36*v + 163. Give z(40).
3
Let i(a) = a**3 - 141*a**2 + 703*a - 121. Determine i(5).
-6
Let x(k) = k**2 + 14*k + 7. Give x(-16).
39
Let n(p) = -2*p**3 - 21*p**2 + 29*p + 14. Determine n(-12).
98
Let m(d) = 121*d - 19361. Determine m(160).
-1
Let g(m) = -m**3 - 66*m**2 - 64*m + 51. Calculate g(-65).
-14
Let s(k) = 132*k - 1826. Give s(14).
22
Let o(n) = -n**2 + 142*n + 1023. Calculate o(-7).
-20
Let d(r) = -r**3 + 8*r**2 + 41*r + 14. What is d(10)?
224
Let c(j) = -4*j - 407. Give c(-133).
125
Let s(o) = -o**2 - 41*o - 488. Determine s(-34).
-250
Let l(d) = -3*d**3 + 8*d**2 + 35*d + 9. What is l(5)?
9
Let f(l) = l**2 - 12*l + 85. Calculate f(7).
50
Let n(x) = 5*x**2 + 15*x - 59. What is n(-5)?
-9
Let d(x) = 2*x**2 + 6*x - 3. Give d(-4).
5
Let z(u) = u**3 - 14*u**2 + 30*u + 68. Calculate z(5).
-7
Let v(q) = -31*q - 704. Give v(-23).
9
Let u(w) = w**3 + 57*w**2 + 110*w - 6. Calculate u(-55).
-6
Let i(u) = -46379*u - 510163. Calculate i(-11).
6
Let d(u) = 258*u**2 - 8*u + 11. Give d(0).
11
Let c(i) = 2*i**2 - 98*i + 381. What is c(41)?
-275
Let q(p) = -3*p**2 + 227*p + 209. Give q(75).
359
Let k(u) = 67*u + 680. Determine k(-10).
10
Let g(z) = 2*z**2 + 200*z - 476. Calculate g(-103).
142
Let x(l) = -5*l**2 + l + 4. Give x(3).
-38
Let o(k) = 1049*k + 13630. Give o(-13).
-7
Let w(a) = -47*a + 675. What is w(26)?
-547
Let f(o) = 11*o**2 + 108*o + 16. Give f(-10).
36
Let t(g) = -g**3 - 6*g**2 + g - 35. Give t(-7).
7
Let z(t) = -4*t**2 + 759*t + 171. What is z(190)?
-19
Let x(g) = 2*g**2 + 10*g + 33. Calculate x(4).
105
Let d(z) = -z**3 - 108*z**2 - 317*z - 2. What is d(-3)?
4
Let v(t) = 764*t - 1776. Calculate v(3).
516
Let k(u) = -u**3 + 15*u**2 - 43*u + 15. Determine k(11).
26
Let w(y) = 41*y**3 - 2*y**2 + 6*y - 7. Calculate w(1).
38
Let v(b) = 2*b**3 + 148*b**2 + 3*b + 224. Calculate v(-74).
2
Let o(s) = -7*s**2 + 368*s - 930. Calculate o(50).
-30
Let h(f) = 134*f + 168. What is h(0)?
168
Let n(z) = -4*z**2 - 40*z - 59. Calculate n(-12).
-155
Let g(q) = -q**2 - 82*q + 4890. What is g(-122)?
10
Let o(m) = -4*m**3 - 436*m**2 - 54*m - 5878. Calculate o(-109).
8
Let b(a) = a**3 - 57*a**2 + 699*a + 106. Give b(39).
-11
Let u(w) = -w + 1. Determine u(-1).
2
Let z(o) = 6*o**2 - 163*o - 30. Calculate z(28).
110
Let r(y) = 3*y**3 - 5*y**2 - 2*y - 2. Determine r(2).
-2
Let j(t) = 2*t**2 + 61*t + 514. Give j(-16).
50
Let s(j) = j**2 - 1966*j + 18. Determine s(0).
18
Let g(n) = -7*n**2 - 243*n + 794. What is g(3)?
2
Let m(k) = -5510*k + 38576. Determine m(7).
6
Let d(b) = b**3 - 8*b**2 + 9*b + 18. Determine d(8).
90
Let f(w) = 53*w - 2233. Give f(42).
-7
Let f(y) = y**3 - 11*y**2 + 12*y - 53. Determine f(7).
-165
Let d(c) = -100*c + 716. Calculate d(7).
16
Let i(f) = -16*f**3 - 2370*f**2 - 294*f + 311. What is i(-148)?
15
Let n(d) = 65*d - 330. What is n(6)?
60
Let x(n) = 37*n**2 + 2630*n + 209. Give x(-71).
-4
Let y(s) = s**3 + 4*s**2 - 257*s - 1259. Give y(-5).
1
Let a(j) = 133*j**2 + 270*j + 9. Give a(-2).
1
Let c(i) = 3*i**2 + 47*i - 151. Give c(3).
17
Let p(y) = 2*y**3 + 4*y**2 + 5*y + 37. Give p(-3).
4
Let k(y) = 458*y + 5044. Calculate k(-11).
6
Let o(s) = s**3 - 20*s**2 - 146*s - 278. Determine o(26).
-18
Let s(u) = -3*u**3 - 16*u**2 - 192*u - 1196. Give s(-6).
28
Let v(k) = 9*k + 672. Determine v(-10).
582
Let b(k) = -6*k**3 + 39*k**2 - 23*k + 43. Give b(6).
13
Let c(w) = w**2 + 1523*w - 29310. Calculate c(19).
-12
Let g(o) = 2*o**2 - 14*o + 25. Calculate g(2).
5
Let i(b) = 123*b + 34676. Calculate i(-282).
-10
Let w(b) = -122*b + 3048. Determine w(25).
-2
Let a(l) = 2*l + 71. What is a(-7)?
57
Let g(y) = -y**3 + 12*y**2 + 8*y + 133. What is g(13)?
68
Let p(h) = -h**2 + 11*h + 253. Calculate p(19).
101
Let g(s) = -59*s + 2369. Determine g(38).
127
Let i(z) = -z**3 - 6*z**2 - 38*z - 308. Determine i(-7).
7
Let g(n) = -n**2 - 5*n + 49. What is g(-12)?
-35
Let f(k) = k**3 - 10*k**2 - 106*k + 19. What is f(-7)?
-72
Let f(j) = 17*j**3 - 220*j**2 - 254*j + 30. Give f(14).
2
Let v(p) = 2*p**2 + 4*p + 9. What is v(0)?
9
Let k(x) = -275*x + 1603. What is k(6)?
-47
Let k(q) = q**3 - 9*q**2 + 34*q - 22. Determine k(10).
418
Let t(v) = -2*v**3 + 20*v**2 + 52*v - 648. Give t(9).
-18
Let y(d) = -74*d - 918. What is y(-13)?
44
Let l(s) = 78*s - 235. Calculate l(3).
-1
Let h(o) = o**3 + 6*o**2 + 38*o + 251. What is h(-9)?
-334
Let h(d) = d**2 - 320*d + 25516. Determine h(169).
-3
Let u(y) = -10*y + 1592. Give u(146).
132
Let n(u) = -2*u**2 - 15*u + 74. Calculate n(5).
-51
Let y(k) = k**2 + 72*k + 27. Give y(0).
27
Let k(z) = -35639*z - 178201. Calculate k(-5).
-6
Let n(t) = 3*t**3 - 29*t**2 - 6*t - 26. What is n(10)?
14
Let t(p) = p**3 - 47*p**2 - 8*p + 321. Calculate t(47).
-55
Let w(s) = -1523*s - 7610. What is w(-5)?
5
Let o(u) = 2*u**2 + 213